ulate the remainder when 742 is divided by -24 - (5 + 17 - 114).
62
Let b(h) = -2*h + 5. Let u = 74 - 83. Calculate the remainder when b(u) is divided by 8.
7
Let s = 7140 + -7117. Suppose 4*y - 2*b - 154 = 0, -4*y = -4*b + 6*b - 166. Calculate the remainder when y is divided by s.
17
Suppose -54*o + 126 + 360 = 0. What is the remainder when 1447 is divided by o?
7
Let m(s) = -s**3 - 52*s**2 + 36*s - 825. Calculate the remainder when 39746 is divided by m(-53).
74
Let i(g) be the third derivative of -g**6/60 + g**5/4 - 11*g**4/24 - 4*g**3/3 - 138*g**2. What is the remainder when i(5) is divided by 19?
5
Let u = 243 - 141. Let p = -96 - -117. What is the remainder when u is divided by p?
18
Let d(m) = 6*m - 253. Let k be d(46). Suppose 2*v = 3*a + 79, 18*a = k*a - 5. Calculate the remainder when 94 is divided by v.
12
What is the remainder when 71 is divided by (-4)/55*-11*15?
11
Suppose -2*o = -2*c + 2, 3*c + 2*o = 1 + 7. Calculate the remainder when -20 + 24 - (0 - (c - -55)) is divided by 22.
17
Let i(n) = n**3 + 5*n**2 - 24*n + 2. Let u be i(-8). Suppose 5*z + 47 = -l + 162, 0 = u*l. What is the remainder when 36 is divided by z?
13
Let x = -1463 + 1689. Calculate the remainder when x is divided by (-3)/(-12) - (0 - (-227)/(-4)).
55
Let b(j) be the second derivative of j**4/4 - 2*j**3/3 - 21*j**2/2 + 8*j - 11. What is the remainder when b(-6) is divided by 19?
16
Let p(f) = 29*f**2 - 3*f + 3. Let g be 52/(-39)*(4 - 23/2). Suppose -112 = -4*i - 2*h, g*h = -2*i + 13*h + 64. What is the remainder when p(2) is divided by i?
26
Let y(z) = -14*z**2 - 2*z + 3*z**2 + 0*z**3 - 14 - z**3. What is the remainder when 20 is divided by y(-11)?
4
Let s(q) = -3*q + 1. Let f(i) = -9*i**2 - 21*i + 3. Let k be f(-2). Let b(d) = 18*d - 53. What is the remainder when b(k) is divided by s(-7)?
21
Let f(j) = -44*j**3 - 3*j**2 + j + 4. Let o be f(-1). Suppose 21*r = o + 82. Calculate the remainder when 15 is divided by r.
3
Let d = -107 - -155. Suppose 0 = -2*y + d + 96. Let b = 0 - -25. Calculate the remainder when y is divided by b.
22
Let v(h) = 2*h**2 - 7*h - 19. Let s be v(5). Calculate the remainder when ((-171)/6)/(s/8) is divided by (-6)/((-5)/(-8) - 1).
9
Let b(c) = -77*c - 10. Let n be b(-3). Suppose 7*y - n = -6*y. Let m(l) = l**3 - 17*l**2 + 3*l - 25. Calculate the remainder when 154 is divided by m(y).
24
Let r = 15 - -6. What is the remainder when 20/(40/194) - 17 is divided by r?
17
What is the remainder when 768 is divided by -5 + 15 + 21 + -3 + -6?
20
Let n(i) = 3*i**2 - 31*i - 58. Let o be n(38). What is the remainder when 68 is divided by o/156 - (-2)/13?
8
Suppose 2*b - 39 - 85 = 0. What is the remainder when b is divided by 3*176/(-72)*(6 + -9)?
18
Suppose 4*u = 4*j - 15720, -188*u = 2*j - 183*u - 7881. What is the remainder when j is divided by 13?
7
Let a be 4 + 1 + (-636 - -11) - -5. Let z = a + 666. What is the remainder when 195 is divided by z?
42
Let u = -2 - -27. Let n(h) = -h**2 + 25*h - 4. Let o be n(u). Let i(v) = -v**3 - 2*v**2 + 7. What is the remainder when i(o) is divided by 7?
4
Let v = -62 - -60. Let b(z) = -18*z**3 - z**2 - z - 2. Suppose 5*w = -2*s + s + 178, 3*w + 5*s = 98. Calculate the remainder when b(v) is divided by w.
32
Let l = 30804 + -29997. Calculate the remainder when l is divided by 198.
15
Suppose -8880 - 1650 = -1411*p + 241*p. Suppose 3*l = -5*d + 12, -5*d - 12 = -l - 2*l. Suppose -4*k + 204 = -d*k. What is the remainder when k is divided by p?
6
Let l be ((-16770)/25)/(-1)*5. Suppose 3*u + l = 42*u. What is the remainder when u is divided by 13?
8
What is the remainder when (-140)/((-4)/(-9)*2*12/(-16)) is divided by 76?
58
Let m = -2723 + 2783. Calculate the remainder when 221 is divided by m.
41
Suppose -44*n + 41*n = 468. Let r = n + 206. What is the remainder when r is divided by 14?
8
Let b = -209 - -263. Calculate the remainder when 73130/350 - 4/(-70) is divided by b.
47
Let b(s) = s**3 - 17*s**2 + 5. Let y(l) = l**2 - 6*l - 22. Let d be y(12). Suppose -3*r + 1 = -d. Calculate the remainder when b(r) is divided by 3.
2
Calculate the remainder when 246 is divided by (0 + -7)/(51/119 - (-38)/(-56)).
22
Suppose -3*x - 2*n = -257, -9*n = -6*n - 3. What is the remainder when x is divided by 37?
11
Let d = 1579 + -2999. Calculate the remainder when 382 is divided by 1 + -8 - d/20.
62
Let t(p) = -13*p**2 - 9*p + 8. Let o = 57 + -63. Let u(v) = 4*v**2 + 3*v - 3. Let b(s) = o*t(s) - 17*u(s). Calculate the remainder when b(-2) is divided by 19.
18
Let r = -6546 + 10742. Calculate the remainder when r is divided by 17.
14
Suppose -823*w + 825*w - 44 = 0. Suppose -1671*f - 198 = -1673*f. Calculate the remainder when f is divided by w.
11
Suppose -9*j = 16*j + 100. Let f(d) = d**2 - 7*d - 36. What is the remainder when 85 is divided by f(j)?
5
Let z(n) = 3*n**3 - 48*n**2 + 29*n - 53. What is the remainder when z(23) is divided by 67?
65
Let t(o) = 498*o - 53. Let f be t(1). Suppose -138*w + 143*w = f. What is the remainder when 977 is divided by w?
87
Let d be (-16)/(-56) - 122/(-14). What is the remainder when 95 is divided by (-33)/(-2) - d*2/36?
15
Suppose -7*y - 8*y = -7020. Calculate the remainder when y is divided by 10.
8
Suppose -4*c - 5*i = -757, -5*c + 4*i + 239 = -656. Let r = 9527 + -9465. What is the remainder when c is divided by r?
59
Let z(h) = 10*h**2 + h - 8 + 8*h**3 - 10*h - 9*h**3. What is the remainder when 185 is divided by z(8)?
41
Suppose 3*w = 3*j + 2*w - 1, -4*j - 3 = 3*w. Suppose 5*l - 43 = 2*v + 36, l = 5*v + 2. Calculate the remainder when l is divided by (4 - -5) + (3 - j - 5).
3
Let v(z) = 213 + 16*z + 13*z + 14*z - 55*z. Suppose 0 = -5*d + 5*u + 105, -29 = -2*d - 3*u - 12. Calculate the remainder when d is divided by v(17).
7
Let c(v) = v**2 + 34*v - 53. What is the remainder when c(-38) is divided by (72 + 0)*2/4?
27
Let u(y) = 57*y - 1365. What is the remainder when 427 is divided by u(24)?
1
Let y(a) = -a. Let i be y(4). Let n be i/10 + 80/(-50). What is the remainder when 38 is divided by n/9*6*-2*3?
6
Suppose 39*p = 42*p - 186. Calculate the remainder when p is divided by (-1 - 19)*85/(-68).
12
Calculate the remainder when 1901 is divided by (-14)/(168/477)*-4.
152
Calculate the remainder when (234572/65)/(4/10) is divided by 177.
172
Suppose u = 5*x - 1018, 145 = 2*x - u - 261. Suppose -7*k + 2*k + 306 = 4*b, 0 = 2*b - 2*k - 126. Calculate the remainder when x is divided by b.
66
Let b = 54 + -55. Let z be -3 + (b/(-4) - 55/(-20)). Suppose 0 = 4*n - z*n - 12. What is the remainder when 11 is divided by n?
2
Let q(t) = t + 18. Let m be q(-3). Calculate the remainder when 52 is divided by (2 + (-111)/m)/((-7)/35).
25
Suppose -8518 = -48*d + 7466. Suppose 14*q + d = 963. What is the remainder when q is divided by 24?
21
Let v be 2/(-9) + (-5085)/81. Let y = -9 - v. Suppose -3*h + 40 = r, -47*r + 45*r + 3*h + 17 = 0. What is the remainder when y is divided by r?
16
Suppose 60 = -12*t + 15*t. Let m = t - -44. Suppose 3*q = -q + m. Calculate the remainder when 73 is divided by q.
9
Suppose f = p - 62, 69 - 7 = p + 2*f. What is the remainder when p is divided by (-80 + 16)/(5 - 7)?
30
Let f(p) = 100 - 5 + 1 + p - 2. Let l be f(0). Let q = l + -79. Calculate the remainder when 87 is divided by q.
12
Let p = -363 + 375. Calculate the remainder when 4065 is divided by p.
9
Let q = -1382 + 1756. Calculate the remainder when 399 is divided by q.
25
Suppose 0 = 49*n - 72*n + 292 + 7. What is the remainder when 25 is divided by n?
12
Let z(t) = t**3 + 9*t**2 - 5*t + 146. What is the remainder when 359 is divided by z(0)?
67
Let j be (-20)/(-10) - (-3)/((-3)/(-908)). Suppose -2*x + 9*x - j = 0. Let t = x + -79. What is the remainder when 98 is divided by t?
47
Suppose -754*j + 96 = -757*j. What is the remainder when (-308)/(-6) - j/(-24) is divided by 13?
11
Calculate the remainder when 402 is divided by -164*(-4)/(-6)*(-78)/52.
74
What is the remainder when (-10)/(-4)*93/465*562/1 is divided by 54?
11
Let y = -1250 - -1273. Suppose 0 = 2*f - 532 + 32. Calculate the remainder when f is divided by y.
20
What is the remainder when 256 is divided by (-172)/8*3*(-3 + 28/12)?
41
Suppose -8*d + 7*d = -5. Let t be 2*(-4)/((-12)/165). Suppose t = -d*v + 300. Calculate the remainder when v is di